NOAA Climate Reports


Report for 2016 April

Daily noaa report



                            MONTHLY CLIMATOLOGICAL SUMMARY for APR. 2016

NAME: Sunset Beach   CITY: Sunset Beach (Mainland) STATE: North Carolina
ELEV: 49 Feet LAT: 033:54:59.65 LONG: 0078:29:49.39

                            TEMPERATURE ( °F), RAIN (in.), WIND SPEED (mph)

                                               HEAT     COOL           AVG
      MEAN                                     DEG      DEG            WIND                      DOM
DAY   TEMP    HIGH   TIME     LOW    TIME      DAYS     DAYS    RAIN   SPEED   HIGH    TIME      DIR
--------------------------------------------------------------------------------------------------------
01    69.0   074.1   16:02    65.6   23:04     00.0     04.1   00.47   006     018    17:07      S 
02    68.1   077.7   17:03    60.8   00:00     00.0     03.2   00.13   008     024    15:20      SW
03    59.2   071.3   16:09    42.4   00:00     05.7     00.0   00.00   003     017    00:29     WSW
04    58.4   072.3   14:28    38.5   07:11     06.5     00.0   00.00   005     021    16:13      S 
05    55.9   062.7   00:05    41.3   00:00     09.1     00.0   00.00   004     017    13:19      NW
06    49.0   063.5   14:09    29.8   08:30     16.0     00.0   00.00   002     012    14:10      NE
07    66.3   075.5   15:08    56.3   00:14     00.0     01.4   00.62   008     025    17:08      SW
08    60.0   073.1   17:24    47.4   22:08     04.9     00.0   00.08   003     020    14:13      SW
09    54.7   071.0   14:29    40.0   07:10     10.2     00.0   00.04   005     025    14:04     WSW
10    46.8   059.2   13:24    34.2   07:09     18.2     00.0   00.00   002     013    11:05     NNE
11    58.0   072.2   14:19    38.6   06:29     07.0     00.0   00.00   002     016    14:05     SSE
12    63.2   068.4   14:25    57.1   23:11     01.7     00.0   00.11   001     008    07:25     SSW
13    63.1   073.9   15:02    52.1   07:11     01.9     00.0   00.08   004     016    09:22      N 
14    56.3   072.2   15:29    45.0   06:31     08.6     00.0   00.00   004     020    13:29     NNE
15    56.4   067.4   15:25    47.3   07:01     08.5     00.0   00.00   004     016    15:31      N 
16    57.0   074.0   16:19    44.5   07:09     07.9     00.0   00.00   003     015    14:29      N 
17    58.1   074.6   16:32    41.8   00:00     06.8     00.0   00.00   002     020    12:26      N 
18    58.2   081.9   13:18    36.0   06:14     06.8     00.0   00.00   001     012    15:29     ESE
19    70.5   090.5   17:12    52.3   06:25     00.0     05.6   00.00   003     016    14:00      SW
20    65.0   076.7   15:49    58.2   14:09     00.0     00.0   00.00   004     017    15:44     NNE
21    66.9   078.0   14:00    54.2   06:28     00.0     01.9   00.00   003     017    10:09     ESE
22    71.1   080.1   13:09    64.8   07:06     00.0     06.1   00.19   003     016    10:15     SSW
23    68.5   081.9   16:19    57.5   00:00     00.0     03.6   00.04   001     012    20:25     WNW
24    62.5   078.9   14:07    49.8   07:05     02.4     00.0   00.00   001     014    09:27     NNE
25    63.6   076.7   14:02    44.0   06:24     01.4     00.0   00.00   002     013    17:29      SE
26    70.2   078.8   14:18    60.3   07:05     00.0     05.2   00.00   004     018    11:26     SSW
27    71.5   080.9   14:17    66.4   06:03     00.0     06.5   00.00   004     020    18:04     SSW
28    72.5   081.0   15:13    68.2   03:25     00.0     07.6   00.07   004     015    18:08     SSW
29    72.8   087.0   13:09    64.7   06:16     00.0     07.9   00.00   003     016    13:41      E 
--------------------------------------------------------------------------------------------------------
62.5 (62.7)   90.5  day 19     29.8  day 06   123.6    053.1   01.83   03.5     025   day 02      SW
Max >=  86: 2
Min  .008in) 7 (> .08in) 0 (> 0.8in)