NOAA Climate Reports


Report for 2019 January

Daily NOAA report




                            MONTHLY CLIMATOLOGICAL SUMMARY for JAN. 2019

NAME: THE FARM   CITY: Calabash STATE: North Carolina
ELEV: 44 Feet LAT: 033:55:28.7554 LONG: -0078:34:10.7426

                            TEMPERATURE ( °F), RAIN (in.), WIND SPEED (mph)

                                               HEAT     COOL           AVG
      MEAN                                     DEG      DEG            WIND                      DOM
DAY   TEMP    HIGH   TIME     LOW    TIME      DAYS     DAYS    RAIN   SPEED   HIGH    TIME      DIR
--------------------------------------------------------------------------------------------------------
01    67.1   074.8   12:30    63.7   08:26     00.0     02.1   00.07   002     013    02:34     SSW
02    58.0   065.4   00:44    55.1   19:02     06.9     00.0   00.41   002     013    10:50      NE
03    59.9   064.8   13:11    55.3   00:04     05.0     00.0   00.05   001     012    18:36      N 
04    60.5   064.9   21:54    57.3   05:58     04.4     00.0   00.19   003     022    20:57     ESE
05    54.5   062.0   13:38    46.5   21:27     10.5     00.0   00.07   003     021    12:40     WSW
06    53.5   071.6   13:59    41.0   07:18     11.5     00.0   00.00   001     010    11:42     WNW
07    52.7   066.7   13:21    42.9   07:19     12.2     00.0   00.00   002     013    16:53     NNE
08    58.6   074.7   13:29    49.2   02:04     06.4     00.0   00.00   002     015    13:02      S 
09    51.5   060.3   12:35    36.0   22:03     13.5     00.0   00.00   002     020    13:33      W 
10    36.9   045.4   14:58    26.7   00:00     28.0     00.0   00.00   002     021    13:14      NW
11    33.1   046.2   14:14    24.2   07:36     31.9     00.0   00.00   001     014    09:03      N 
12    41.6   051.9   14:22    28.1   00:01     23.4     00.0   00.00   004     015    16:04      N 
13    44.1   048.8   07:56    37.6   00:00     20.9     00.0   00.07   003     016    16:15     NNW
14    37.3   040.7   13:48    29.7   00:00     27.6     00.0   00.01   003     016    05:36     NNW
15    37.5   049.4   14:45    27.6   07:35     27.5     00.0   00.00   001     013    14:23     NNW
16    43.4   058.0   13:24    33.2   00:00     21.6     00.0   00.00   001     012    15:48      SE
17    42.3   058.2   12:50    29.5   06:37     22.7     00.0   00.01   001     013    13:46      E 
18    46.3   059.7   12:44    35.6   06:22     18.6     00.0   00.05   001     010    12:00     ENE
19    55.4   065.7   00:00    40.3   00:02     09.6     00.0   00.00   003     021    23:42     ESE
20    53.5   066.0   02:39    35.5   23:35     11.5     00.0   00.20   005     026    03:33      SW
21    30.6   037.9   14:50    22.0   23:44     34.3     00.0   00.00   003     025    09:03     NNW
--------------------------------------------------------------------------------------------------------
48.5 (48.8)   74.8  day 01     22.0  day 21   347.7    002.1   01.13   02.2     026   day 20     NNW
Min  .08in) 0 (> 0.8in)