NOAA Climate Reports


Report for 2018 October

Daily NOAA report




                            MONTHLY CLIMATOLOGICAL SUMMARY for OCT. 2018

NAME: Carolina Stormwatch   CITY: Calabash STATE: North Carolina
ELEV: 44 Feet LAT: 033:55:28.7554 LONG: -0078:34:10.7426

                            TEMPERATURE ( °F), RAIN (in.), WIND SPEED (mph)

                                               HEAT     COOL           AVG
      MEAN                                     DEG      DEG            WIND                      DOM
DAY   TEMP    HIGH   TIME     LOW    TIME      DAYS     DAYS    RAIN   SPEED   HIGH    TIME      DIR
--------------------------------------------------------------------------------------------------------
01    79.8   086.0   02:25    71.1   00:00     00.0     14.8   00.00   002     012    17:14      S 
02    77.1   087.1   14:16    70.4   02:41     00.0     12.2   00.02   002     016    14:31      SE
03    77.7   086.0   14:11    70.3   04:31     00.0     12.7   00.41   003     017    14:21     ESE
04    80.1   083.7   15:31    78.3   14:26     00.0     15.2   00.39   004     017    11:46      SE
05    79.3   083.3   09:41    72.0   21:56     00.0     14.3   00.01   005     031    13:21     SSW
06    66.7   077.9   14:06    56.5   00:00     00.0     01.8   00.22   001     012    11:21     NNE
07    64.5   078.5   14:11    52.3   07:36     00.5     00.0   00.00   001     012    16:46     NNE
08    68.8   083.3   14:06    57.1   06:56     00.0     03.9   00.00   002     012    15:11     ENE
09    74.7   086.4   13:21    66.0   03:51     00.0     09.8   00.00   001     012    17:06      S 
10    75.7   087.0   15:06    68.4   05:21     00.0     10.7   00.38   001     012    22:01     SSE
11    74.1   079.7   17:11    69.9   22:21     00.0     09.2   00.96   001     010    11:41     NNW
12    62.4   070.1   00:06    54.1   21:01     02.5     00.0   00.00   003     018    06:22     NNE
13    62.0   076.5   13:56    50.5   06:06     03.0     00.0   00.00   002     010    14:46     ENE
14    72.2   081.2   13:11    63.8   00:01     00.0     07.2   00.00   001     015    11:26      SW
15    56.0   065.5   00:21    41.4   00:00     09.0     00.0   00.00   003     020    12:26      N 
16    51.1   068.6   13:51    37.0   07:46     13.9     00.0   00.00   001     008    17:11      NE
17    60.0   075.9   15:41    47.9   02:11     04.9     00.0   00.00   000     009    13:21      NW
24    56.5   067.2   14:06    45.3   23:02     08.4     00.0   00.00   002     016    10:16     NNE
25    48.0   059.5   15:01    39.7   04:08     17.0     00.0   00.00   002     014    08:45     NNE
26    58.3   072.2   18:40    50.7   01:37     06.6     00.0   01.82   003     014    17:35      NE
27    56.0   062.5   16:33    50.7   08:07     08.9     00.0   00.00   001     014    05:40      NW
28    56.2   067.1   15:35    47.0   05:55     08.7     00.0   00.00   001     013    11:18     WNW
29    60.4   072.8   13:40    45.8   00:00     04.6     00.0   00.00   001     013    15:55     NNW
30    52.0   066.5   15:45    40.8   07:44     13.0     00.0   00.00   001     013    10:40      N 
31    56.2   072.7   13:07    41.6   07:34     08.7     00.0   00.00   001     012    16:52     SSW
--------------------------------------------------------------------------------------------------------
65.0 (65.7)   87.1  day 02     37.0  day 16   109.7    111.8   16.89   01.8     031   day 05     ENE
Max >=  86: 5
Min  .008in) 6 (> .08in) 2 (> 0.8in)