NOAA Climate Reports


Report for 2018 March

Daily NOAA report




                            MONTHLY CLIMATOLOGICAL SUMMARY for MAR. 2018

NAME: Carolina Stormwatch   CITY: Calabash STATE: North Carolina
ELEV: 44 Feet LAT: 033:55:28.7554 LONG: -0078:34:10.7426

                            TEMPERATURE ( °F), RAIN (in.), WIND SPEED (mph)

                                               HEAT     COOL           AVG
      MEAN                                     DEG      DEG            WIND                      DOM
DAY   TEMP    HIGH   TIME     LOW    TIME      DAYS     DAYS    RAIN   SPEED   HIGH    TIME      DIR
--------------------------------------------------------------------------------------------------------
01    64.4   074.5   11:17    60.4   07:20     00.6     00.0   00.62   002     024    17:48     SSW
03    57.2   061.5   00:04    26.8   10:00     07.7     00.0   00.00   005     026    12:14      NW
04    26.8   045.0   18:00    26.8   23:58     38.1     00.0   00.00   002     010    18:00      N 
05    42.5   045.0   21:55    39.5   21:14     22.4     00.0   00.00   000     010    21:55      SE
06    53.8   064.5   13:20    37.2   02:09     11.2     00.0   00.01   002     017    22:28     SSE
07    55.3   065.0   13:15    35.6   00:00     09.7     00.0   00.26   003     016    15:01     WNW
08    40.2   053.3   13:30    28.4   06:27     24.7     00.0   00.00   002     015    13:24     NNW
09    41.5   056.5   14:18    26.8   06:25     23.4     00.0   00.00   001     013    15:00     WSW
10    53.0   067.7   11:04    35.9   02:24     11.9     00.0   00.00   002     018    14:12     SSW
11    53.8   072.3   13:07    39.0   07:19     11.2     00.0   00.00   002     014    16:09     ENE
12    42.1   049.0   12:23    35.3   22:37     22.8     00.0   00.49   004     020    21:08     NNE
13    42.6   056.4   16:26    30.5   07:49     22.4     00.0   00.00   002     016    11:03     WNW
14    38.8   051.2   13:44    29.2   00:00     26.1     00.0   00.00   002     021    11:56     WNW
15    37.4   056.9   19:00    24.4   07:38     27.6     00.0   00.00   001     020    20:06      SW
16    60.8   078.4   14:48    46.9   00:00     04.2     00.0   00.00   002     016    14:03      W 
17    56.7   073.9   14:23    41.2   07:49     08.3     00.0   00.00   001     016    14:05      S 
18    57.6   066.1   17:22    46.5   23:21     07.4     00.0   00.00   002     017    12:31     NNE
19    57.9   070.8   13:26    47.3   00:02     07.0     00.0   00.00   002     015    14:59      SE
20    63.6   079.0   13:58    50.6   00:00     01.3     00.0   00.71   003     017    14:04     SSE
21    45.8   051.4   12:00    43.4   03:51     19.2     00.0   00.00   002     021    13:34      NW
22    48.8   056.3   15:57    34.4   00:00     16.1     00.0   00.00   002     020    13:51     WNW
23    43.6   060.2   17:22    29.6   07:33     21.4     00.0   00.00   001     015    15:35      NW
24    46.0   058.5   12:49    33.1   03:57     18.9     00.0   00.01   002     014    18:40     ENE
25    45.6   050.4   16:14    42.0   05:16     19.3     00.0   00.14   005     017    23:38     NNE
26    48.1   060.3   17:04    38.7   07:48     16.8     00.0   00.00   005     021    09:52      NE
27    46.2   052.8   16:44    38.8   06:36     18.7     00.0   00.00   003     013    10:55      NE
28    58.1   078.4   13:43    40.0   06:56     06.8     00.0   00.00   002     025    17:13      SW
29    64.3   076.6   13:56    51.1   07:19     00.6     00.0   00.00   003     021    15:36     SSW
30    64.4   070.3   11:16    57.7   00:00     00.6     00.0   00.00   003     021    09:16     SSW
31    56.2   066.7   14:03    43.9   23:37     08.7     00.0   00.00   003     017    04:16     ENE
--------------------------------------------------------------------------------------------------------
50.4 (50.5)   79.0  day 20     24.4  day 15   435.0    000.0   01.89   02.5     026   day 26     NNE
Min  .008in) 5 (> .08in) 0 (> 0.8in)