NOAA Climate Reports


Report for 2017 November

Daily NOAA report




                            MONTHLY CLIMATOLOGICAL SUMMARY for NOV. 2017

NAME: Sunset Beach   CITY: Sunset Beach (Mainland) STATE: North Carolina
ELEV: 49 Feet LAT: 033:54:59.65 LONG: 0078:29:49.39

                            TEMPERATURE ( °F), RAIN (in.), WIND SPEED (mph)

                                               HEAT     COOL           AVG
      MEAN                                     DEG      DEG            WIND                      DOM
DAY   TEMP    HIGH   TIME     LOW    TIME      DAYS     DAYS    RAIN   SPEED   HIGH    TIME      DIR
--------------------------------------------------------------------------------------------------------
01    60.1   077.1   13:09    45.7   07:28     04.9     00.0   00.00   000     009    16:09      SE
02    66.1   080.9   12:19    56.8   07:30     00.0     01.1   00.00   001     012    15:23     SSE
03    64.4   079.0   15:28    53.6   07:28     00.5     00.0   00.00   001     009    16:09     SSE
04    66.9   080.0   12:14    54.6   07:12     00.0     02.0   00.00   002     014    11:19      E 
05    63.3   071.5   14:29    58.2   00:00     01.6     00.0   00.00   002     014    01:05     NNE
06    66.3   079.8   12:21    58.2   00:19     00.0     01.4   00.00   001     013    14:08     SSE
07    68.3   079.9   12:27    58.7   03:16     00.0     03.3   00.00   001     014    14:14      S 
08    53.9   068.3   00:16    49.0   22:10     11.1     00.0   00.00   004     018    05:04      N 
09    50.9   052.7   15:00    49.0   00:25     14.0     00.0   00.96   002     012    00:00     NNW
10    51.9   061.9   12:09    49.0   07:06     13.0     00.0   00.00   005     023    09:16      SE
11    46.3   052.4   14:20    42.0   22:31     18.6     00.0   00.00   003     013    14:25     NNE
12    53.8   068.9   13:27    39.9   04:25     11.1     00.0   00.00   003     014    14:00      NE
13    55.0   064.0   14:15    48.1   00:00     09.9     00.0   00.00   003     015    14:30     NNE
14    49.8   057.7   14:18    44.1   00:00     15.1     00.0   00.00   005     022    09:21     NNE
15    46.3   057.8   14:22    38.1   00:00     18.6     00.0   00.00   003     020    10:04     NNE
16    47.8   065.5   14:29    34.9   06:31     17.1     00.0   00.00   001     017    10:29     NNW
17    46.1   058.7   14:34    36.4   00:00     18.8     00.0   00.00   002     017    09:17     NNE
18    55.2   070.6   12:20    34.1   05:16     09.7     00.0   00.00   002     018    23:27      S 
19    57.7   065.9   04:29    37.3   23:24     07.2     00.0   00.03   003     026    02:30      W 
20    42.3   059.1   14:37    29.9   06:30     22.6     00.0   00.00   001     016    10:17     NNE
21    52.0   070.9   12:34    34.3   03:15     13.0     00.0   00.29   001     012    14:29     ENE
22    58.5   068.7   14:16    44.5   22:29     06.4     00.0   00.00   001     013    23:29      N 
23    45.7   050.8   00:04    43.4   07:18     19.2     00.0   00.01   003     013    04:31     NNE
24    47.3   058.7   14:17    40.1   06:26     17.6     00.0   00.00   003     018    08:02     NNE
25    50.4   066.1   13:23    35.0   07:09     14.6     00.0   00.08   001     012    11:22      W 
26    49.6   064.1   14:14    37.1   00:00     15.4     00.0   00.00   001     013    11:19      N 
27    43.4   062.1   14:11    31.3   07:10     21.5     00.0   00.83   001     015    10:15      N 
28    48.3   070.6   14:14    29.9   07:00     16.6     00.0   00.00   001     012    14:03      SE
29    55.7   073.1   13:20    43.9   07:16     09.2     00.0   00.00   000     012    13:31      S 
--------------------------------------------------------------------------------------------------------
53.9 (55.1)   80.9  day 02     29.9  day 28   327.6    007.8   01.31   01.9     026   day 18      NE
Min  .008in) 4 (> .08in) 2 (> 0.8in)