NOAA Climate Reports


Report for 2017 October

Daily NOAA report




                            MONTHLY CLIMATOLOGICAL SUMMARY for OCT. 2017

NAME: Sunset Beach   CITY: Sunset Beach (Mainland) STATE: North Carolina
ELEV: 49 Feet LAT: 033:54:59.65 LONG: 0078:29:49.39

                            TEMPERATURE ( °F), RAIN (in.), WIND SPEED (mph)

                                               HEAT     COOL           AVG
      MEAN                                     DEG      DEG            WIND                      DOM
DAY   TEMP    HIGH   TIME     LOW    TIME      DAYS     DAYS    RAIN   SPEED   HIGH    TIME      DIR
--------------------------------------------------------------------------------------------------------
01    63.7   074.6   15:05    52.9   06:24     01.2     00.0   00.00   004     022    13:05      NE
02    68.5   079.9   16:00    60.2   00:00     00.0     03.6   00.00   004     016    13:10      NE
03    68.4   080.4   14:46    59.7   03:24     00.0     03.5   00.00   003     020    17:10     ENE
04    69.1   080.4   13:24    60.3   07:14     00.0     04.2   00.00   003     015    12:22      NE
05    72.8   086.3   13:20    62.0   07:25     00.0     07.9   00.00   002     020    14:29     ESE
06    74.1   086.9   13:20    64.3   07:09     00.0     09.2   00.00   002     017    16:30      E 
07    76.3   085.1   13:20    69.7   00:14     00.0     11.3   00.18   003     021    14:22     SSE
08    79.7   086.0   12:29    76.6   07:13     00.0     14.8   00.04   006     021    15:13     SSE
09    78.2   084.4   13:13    75.4   15:16     00.0     13.2   00.19   002     018    13:24      S 
10    77.2   082.2   15:28    74.2   05:31     00.0     12.2   01.63   000     013    17:04      S 
11    77.6   085.9   13:19    73.4   06:28     00.0     12.7   00.00   001     018    14:05      S 
12    77.3   087.9   13:18    70.0   07:01     00.0     12.4   00.57   001     013    23:28      S 
13    72.6   077.5   13:05    65.5   00:00     00.0     07.6   00.80   002     016    11:04     NNE
14    67.1   072.0   14:22    62.2   04:15     00.0     02.1   00.00   001     009    12:04      N 
15    72.3   082.0   13:25    66.5   00:00     00.0     07.3   00.00   001     012    12:19     SSE
16    68.1   084.4   13:27    58.3   00:00     00.0     03.1   00.10   002     028    18:15      N 
17    55.6   063.6   16:25    48.7   00:00     09.3     00.0   00.00   004     020    01:12     NNE
18    59.3   073.1   16:03    47.4   02:31     05.6     00.0   00.00   002     015    16:05     NNE
19    66.6   079.0   15:37    54.5   01:21     00.0     01.7   00.00   002     014    12:20     ENE
20    62.8   077.4   15:33    50.8   07:47     02.2     00.0   00.00   00.0     001    12:00      SE
21    64.0   081.4   13:45    50.0   07:42     01.0     00.0   00.00   001     012    17:30      SE
22    68.6   081.7   13:22    59.3   03:02     00.0     03.6   00.00   002     021    14:23     ESE
23    74.1   080.6   12:24    65.8   00:05     00.0     09.2   01.65   005     026    22:07     SSE
24    67.4   076.5   12:41    56.8   00:00     00.0     02.4   00.23   000     016    12:23     SSW
25    55.7   068.1   13:21    47.4   00:00     09.2     00.0   00.00   001     012    15:11      NW
26    52.0   063.3   15:36    42.7   07:53     12.9     00.0   00.00   001     015    10:47      NW
27    54.4   071.9   13:25    40.9   07:35     10.5     00.0   00.00   00.0     001    11:19     SSW
28    65.1   079.5   13:52    48.9   04:14     00.0     00.2   00.16   002     020    00:00     SSE
29    62.3   071.6   15:01    46.8   00:00     02.6     00.0   00.58   001     018    00:03      SW
30    47.2   059.1   15:31    38.0   07:40     17.7     00.0   00.00   001     015    10:37      NW
31    54.6   073.2   13:58    40.8   07:48     10.3     00.0   00.00   000     012    17:05      SW
--------------------------------------------------------------------------------------------------------
66.9 (67.8)   87.9  day 12     38.0  day 30   082.7    142.2   06.04   01.9     028   day 23     ESE
Max >=  86: 4
Min  .008in) 10 (> .08in) 3 (> 0.8in)