NOAA Climate Reports


Report for 2017 April

Daily NOAA report




                            MONTHLY CLIMATOLOGICAL SUMMARY for APR. 2017

NAME: Sunset Beach   CITY: Sunset Beach (Mainland) STATE: North Carolina
ELEV: 49 Feet LAT: 033:54:59.65 LONG: 0078:29:49.39

                            TEMPERATURE ( °F), RAIN (in.), WIND SPEED (mph)

                                               HEAT     COOL           AVG
      MEAN                                     DEG      DEG            WIND                      DOM
DAY   TEMP    HIGH   TIME     LOW    TIME      DAYS     DAYS    RAIN   SPEED   HIGH    TIME      DIR
--------------------------------------------------------------------------------------------------------
01    62.3   078.5   15:20    47.6   07:30     02.6     00.0   00.00   002     021    17:56      SW
02    59.3   073.0   13:47    49.2   03:17     05.7     00.0   00.00   004     020    17:18      E 
03    65.2   079.5   13:29    52.7   04:08     00.0     00.2   00.68   005     029    15:21     SSE
04    71.1   082.2   13:11    63.4   07:19     00.0     06.2   00.14   005     032    15:32      S 
05    68.0   078.8   14:22    60.2   07:45     00.0     03.1   01.24   002     016    15:43     SSE
06    65.5   072.8   14:09    55.0   23:59     00.0     00.5   01.05   005     029    08:33     SSW
07    54.9   065.6   16:12    43.4   00:00     10.0     00.0   00.00   004     023    17:18      NW
08    51.4   066.6   14:44    35.9   06:51     13.5     00.0   00.00   002     018    10:05     NNE
09    56.0   075.2   13:03    38.6   07:16     08.9     00.0   00.00   002     021    12:46     SSE
10    62.2   077.7   13:16    46.4   06:52     02.7     00.0   00.00   003     018    16:56     SSE
11    66.3   078.5   13:56    50.5   07:14     00.0     01.4   00.00   003     021    13:22     SSE
12    66.1   081.1   12:26    51.7   07:13     00.0     01.2   00.00   002     016    16:00     SSE
13    66.6   082.4   16:29    54.6   06:55     00.0     01.6   00.00   001     015    14:48     SSE
14    67.3   084.2   13:20    52.6   07:17     00.0     02.4   00.00   002     016    15:41      SE
15    68.6   082.3   13:59    55.2   07:03     00.0     03.7   00.00   003     021    17:54     SSE
16    69.6   081.4   12:27    58.5   07:10     00.0     04.7   00.00   003     022    13:04      S 
17    70.0   081.7   13:17    57.2   07:11     00.0     05.1   00.00   003     020    18:03      S 
18    67.6   077.8   12:05    60.5   06:21     00.0     02.7   00.00   002     016    18:45     ENE
19    67.4   082.3   12:41    48.8   18:04     00.0     02.4   00.13   002     017    12:59      NE
20    70.2   084.7   14:32    59.3   07:18     00.0     05.2   00.00   002     016    15:56     SSE
21    72.9   086.5   12:00    62.3   07:07     00.0     08.0   00.00   003     023    18:30      S 
22    74.0   084.0   12:43    65.5   06:40     00.0     09.1   00.00   004     022    14:41      S 
23    67.1   071.0   01:00    62.1   10:26     00.0     02.2   00.04   004     017    16:09      NE
24    66.0   074.9   10:49    62.3   03:17     00.0     01.1   02.22   002     016    11:49     ENE
25    63.4   068.4   15:05    61.2   08:06     01.5     00.0   00.19   001     010    17:44     NNW
26    68.5   082.2   13:15    57.1   04:46     00.0     03.6   00.00   003     018    15:30      S 
27    73.0   082.4   14:09    60.7   06:30     00.0     08.0   00.00   004     025    13:33      S 
28    77.0   084.4   13:40    73.3   06:35     00.0     12.0   00.00   006     023    13:56      S 
29    77.5   085.0   13:55    73.2   00:00     00.0     12.5   00.00   005     022    15:08      S 
30    76.7   083.8   13:27    72.0   06:54     00.0     11.8   00.00   006     028    11:45      S 
--------------------------------------------------------------------------------------------------------
67.1 (67.7)   86.5  day 21     35.9  day 08   045.1    108.7   00.22   03.2     032   day 30     SSE
Max >=  86: 1
Min  .008in) 7 (> .08in) 3 (> 0.8in)