NOAA Climate Reports


Report for 2017

Daily NOAA report




                            YEARLY CLIMATOLOGICAL SUMMARY for Dec 2017

NAME: Carolina Stormwatch   CITY: Calabash STATE: North Carolina
ELEV: 44 Feet LAT: 033:55:28.7554 LONG: -0078:34:10.7426

                            TEMPERATURE ( °F), RAIN (in.), WIND SPEED (mph)

                                                 HEAT     COOL           AVG
      MEAN                                       DEG      DEG            WIND                        DOM
MTH   TEMP    HIGH   TIME      LOW     TIME      DAYS     DAYS   RAIN    SPEED    HIGH    TIME       DIR
--------------------------------------------------------------------------------------------------------
01    51.9   078.4   16:02    14.1   07:08    0366.3    0000.0   02.53    02.3     033    23:52     WSW
02    54.9   077.3   13:11    29.9   07:07    0277.5    0000.0   00.05    02.6     025    18:06      SW
03    54.8   081.2   13:06    21.1   07:11    0334.3    0014.5   00.09    02.3     022    23:57      S 
04    67.1   086.5   12:00    35.9   06:51    0045.1    0108.7   00.22    03.2     032    23:53      S 
05    72.3   092.6   13:20    46.2   06:50    0013.0    0240.5   00.22    02.5     035    23:57      S 
06    76.7   093.3   14:00    52.6   06:19    0004.2    0357.0   00.15    02.4     029    23:57      S 
07    81.0   097.6   14:41    58.8   06:07    0000.0    0498.2   02.89    01.5     021    23:57      S 
08    78.1   094.3   12:14    55.4   18:48    0000.0    0310.5   17.33    01.9     026    23:52      S 
09    74.4   093.3   13:38    51.1   07:25    0000.0    0275.5   08.33    02.2     030    23:56     SSE
10    65.3   087.9   13:18    38.0   07:40    0082.7    0142.2   06.04    01.7     028    23:57     SSE
11    54.0   080.9   12:19    29.9   07:00    0310.4    0007.8   01.31    01.9     026    23:23     SSE
12    47.2   128.0   00:26   -00.0   00:07    0544.9    0000.0   03.36    01.6     022    23:52     SSE
--------------------------------------------------------------------------------------------------------
      65.7    128.0            -0.0            1978.3     1954.9   42.52     2.2     35              SSE

Max >=  90.0: 93
Max