NOAA Climate Reports


Report for 2016 June

Daily noaa report



                            MONTHLY CLIMATOLOGICAL SUMMARY for JUN. 2016

NAME: Sunset Beach   CITY: Sunset Beach (Mainland) STATE: North Carolina
ELEV: 49 Feet LAT: 033:54:59.65 LONG: 0078:29:49.39

                            TEMPERATURE ( °F), RAIN (in.), WIND SPEED (mph)

                                               HEAT     COOL           AVG
      MEAN                                     DEG      DEG            WIND                      DOM
DAY   TEMP    HIGH   TIME     LOW    TIME      DAYS     DAYS    RAIN   SPEED   HIGH    TIME      DIR
--------------------------------------------------------------------------------------------------------
01    76.6   089.2   16:35    71.1   04:50     00.0     11.6   00.64   001     015    18:11     NNE
02    74.4   086.6   12:49    67.6   11:31     00.0     09.4   00.00   001     012    16:40      S 
03    79.3   089.4   12:03    69.9   07:09     00.0     14.4   00.00   002     015    18:04      SW
04    81.5   090.2   12:27    75.9   06:37     00.0     16.6   00.00   005     017    17:57      SW
05    79.9   086.5   14:26    76.8   00:00     00.0     15.0   00.04   006     024    14:41     SSW
06    77.0   084.1   11:17    71.9   22:32     00.0     12.0   00.95   004     020    19:42      SW
07    79.7   093.3   16:27    72.4   00:22     00.0     14.7   00.45   002     013    16:26     WSW
08    78.9   090.7   16:55    63.9   00:00     00.0     13.9   00.00   002     013    09:27     WSW
09    72.3   085.7   13:09    56.7   05:56     00.0     07.3   00.00   001     013    14:00     SSW
10    75.9   088.5   13:19    63.2   06:39     00.0     10.9   00.00   002     014    17:52     ESE
11    79.1   086.3   11:49    67.7   05:31     00.0     14.1   00.02   004     023    16:01     SSW
12    84.0   097.8   14:08    75.0   06:44     00.0     19.1   00.00   004     017    03:34      SW
13    78.1   088.7   14:34    63.0   00:00     00.0     13.2   00.00   002     015    09:38      NE
14    80.1   088.2   14:02    62.9   00:05     00.0     15.2   00.00   003     018    14:32     SSE
15    80.0   088.9   12:06    73.3   19:54     00.0     15.1   00.20   003     021    15:04      SW
16    83.6   094.8   17:13    77.4   07:10     00.0     18.7   00.03   004     016    09:23      SW
17    83.6   096.3   13:03    72.8   00:00     00.0     18.6   00.00   002     016    23:32     WNW
18    76.9   085.7   15:48    68.6   00:00     00.0     12.0   00.00   005     025    11:11      N 
19    73.5   083.6   13:32    64.1   07:01     00.0     08.6   00.02   003     017    15:02     NNE
20    73.8   087.2   13:21    54.6   06:09     00.0     08.9   00.00   002     020    17:44      S 
21    78.2   085.9   14:16    70.4   06:20     00.0     13.3   00.00   008     038    16:25     SSW
22    81.9   089.1   15:12    76.2   06:48     00.0     17.0   00.00   007     022    16:32     SSW
23    83.4   092.0   16:06    77.7   06:41     00.0     18.5   00.00   006     020    20:40     SSW
24    81.1   093.4   14:59    71.7   00:00     00.0     16.2   00.32   004     023    14:00     SSW
25    78.0   089.9   14:58    68.4   06:23     00.0     13.0   00.00   002     020    21:56      NE
26    78.2   086.4   17:57    70.8   07:09     00.0     13.3   00.00   002     013    18:51      NE
27    79.2   088.8   13:41    69.9   01:29     00.0     14.3   00.00   002     015    17:04      E 
28    78.8   088.8   10:59    71.0   06:45     00.0     13.8   00.18   001     013    10:07     SSE
29    78.0   090.7   14:10    69.2   23:27     00.0     13.1   00.00   001     013    16:59     SSW
30    78.8   087.4   14:27    67.4   02:28     00.0     13.8   00.00   003     018    12:17     SSE
--------------------------------------------------------------------------------------------------------
78.8 (79.3)   97.8  day 12     54.6  day 20   000.0    415.5   02.89   03.2     038   day 21     SSW
Max >=  86: 25
Min  .008in) 6 (> .08in) 1 (> 0.8in)