NOAA Climate Reports


Report for 2016 May

Daily noaa report



                            MONTHLY CLIMATOLOGICAL SUMMARY for MAY. 2016

NAME: Sunset Beach   CITY: Sunset Beach (Mainland) STATE: North Carolina
ELEV: 49 Feet LAT: 033:54:59.65 LONG: 0078:29:49.39

                            TEMPERATURE ( °F), RAIN (in.), WIND SPEED (mph)

                                               HEAT     COOL           AVG
      MEAN                                     DEG      DEG            WIND                      DOM
DAY   TEMP    HIGH   TIME     LOW    TIME      DAYS     DAYS    RAIN   SPEED   HIGH    TIME      DIR
--------------------------------------------------------------------------------------------------------
01    70.0   074.7   16:09    64.1   00:11     00.0     05.1   00.40   001     010    09:04      E 
02    74.3   082.5   13:19    68.4   04:14     00.0     09.4   00.03   003     015    16:25     SSW
03    72.0   079.9   14:18    66.2   09:25     00.0     07.1   01.33   002     015    10:14     SSW
04    71.5   080.8   17:04    61.0   00:00     00.0     06.5   00.12   003     021    00:19      SW
05    62.0   075.9   13:17    49.9   22:00     03.0     00.0   00.37   002     022    17:05     WSW
06    57.3   073.9   17:06    45.8   05:25     07.7     00.0   00.00   002     012    16:07     WSW
07    66.2   082.0   15:21    47.9   01:24     00.0     01.3   00.00   003     015    23:24     WSW
08    74.7   087.2   15:15    63.9   06:19     00.0     09.8   00.00   003     015    00:15      SW
09    74.1   087.4   14:08    61.9   06:24     00.0     09.1   00.00   002     013    17:26     SSW
10    73.4   081.7   11:24    66.7   07:02     00.0     08.4   00.00   002     015    10:24     SSW
11    73.3   082.8   14:08    60.3   06:24     00.0     08.4   00.00   003     020    17:04     SSW
12    74.4   085.5   14:04    65.8   23:21     00.0     09.5   00.09   003     017    17:14      SW
13    71.1   079.9   14:31    62.7   07:06     00.0     06.2   00.26   002     012    15:19     SSW
14    72.5   081.8   15:09    58.4   06:16     00.0     07.6   00.00   003     020    15:19     SSW
15    66.2   077.3   17:18    50.0   23:28     00.0     01.2   00.00   002     009    17:24     WSW
16    63.1   075.6   13:08    44.6   06:05     01.8     00.0   00.00   002     014    09:16     NNE
17    71.8   079.8   11:23    62.3   00:24     00.0     06.9   00.04   002     014    12:08     ENE
18    68.8   073.9   15:39    63.0   00:00     00.0     03.9   00.33   002     013    17:00      N 
19    67.0   074.4   14:50    59.9   07:27     00.0     02.0   00.00   002     014    19:06      NE
20    65.6   073.9   13:09    59.9   06:42     00.0     00.6   00.02   004     016    20:23     NNE
21    73.0   085.9   16:55    61.7   09:20     00.0     08.1   00.12   002     016    20:25      N 
22    70.9   080.7   15:51    56.0   23:24     00.0     06.0   00.08   001     014    13:17      NW
23    63.3   077.2   16:10    50.8   06:49     01.6     00.0   00.07   001     009    16:00      W 
24    66.6   081.8   13:10    48.1   04:33     00.0     01.6   00.00   002     020    16:46      SW
25    71.8   084.2   15:37    55.1   06:41     00.0     06.9   00.00   002     016    15:42     SSW
26    75.8   083.6   15:38    66.7   06:22     00.0     10.8   00.00   002     017    11:40      S 
27    73.6   082.9   15:34    59.8   06:52     00.0     08.7   00.00   002     017    18:15     ENE
28    73.1   083.2   12:28    62.1   03:04     00.0     08.2   00.07   003     017    14:48     NNE
29    76.4   082.7   15:48    72.0   03:43     00.0     11.5   00.77   004     018    12:51      NE
30    76.2   083.2   14:04    71.4   02:07     00.0     11.3   00.10   003     016    14:48      E 
31    72.2   076.5   17:28    66.0   04:10     00.0     07.3   00.56   001     017    13:05      N 
--------------------------------------------------------------------------------------------------------
70.4 (70.1)   87.4  day 09     44.6  day 16   014.1    183.3   04.69   02.4     022   day 05     WSW
Max >=  86: 2
Min  .008in) 12 (> .08in) 1 (> 0.8in)