NOAA Climate Reports


Report for 2016 March

Daily noaa report



                            MONTHLY CLIMATOLOGICAL SUMMARY for MAR. 2016

NAME: Sunset Beach   CITY: Sunset Beach (Mainland) STATE: North Carolina
ELEV: 49 Feet LAT: 033:54:59.65 LONG: 0078:29:49.39

                            TEMPERATURE ( °F), RAIN (in.), WIND SPEED (mph)

                                               HEAT     COOL           AVG
      MEAN                                     DEG      DEG            WIND                      DOM
DAY   TEMP    HIGH   TIME     LOW    TIME      DAYS     DAYS    RAIN   SPEED   HIGH    TIME      DIR
--------------------------------------------------------------------------------------------------------
01    58.3   068.2   13:11    40.0   00:00     06.7     00.0   00.18   003     025    03:32      N 
02    60.0   075.8   12:11   -00.0   00:14     05.0     00.0   00.01   000     013    00:14      N 
03    66.6   077.1   12:21    56.3   03:51     00.0     01.7   00.00   00.0     00.0    00:00     WNW
04    68.8   076.7   14:51    63.0   00:00     00.0     03.9   00.00   00.0     00.0    00:00     WSW
05    65.2   079.4   13:01    56.8   06:51     00.0     00.3   00.00   000     003    18:23      SW
06    64.2   074.9   12:31    00.2   01:11     00.7     00.0   00.00   002     018    17:21     SSW
07    67.0   076.8   14:21    62.5   22:11     00.0     02.1   00.00   003     069    00:14      SW
08    67.0   083.4   14:51    54.8   07:31     00.0     02.1   00.00   002     016    01:31      SW
09    66.9   078.2   15:31    57.4   08:01     00.0     01.9   00.00   002     015    17:01     SSW
10    63.9   080.3   13:31    49.7   07:41     01.0     00.0   00.00   001     008    14:11      S 
11    62.6   075.2   14:21    49.5   00:00     02.3     00.0   00.00   002     014    16:31     ENE
12    66.3   074.6   12:38    48.9   00:11     00.0     01.4   00.00   002     014    16:41     SSW
13    48.3   057.8   00:01    45.3   00:00     16.6     00.0   00.23   002     013    06:21      N 
14    63.2   073.7   16:11    45.3   00:01     01.7     00.0   00.00   004     017    14:31      SW
15    68.0   075.0   14:11    61.4   00:01     00.0     03.0   00.04   004     017    13:31      SW
16    64.9   070.4   11:31    61.1   21:41     00.0     00.0   00.18   002     014    16:21     ENE
17    62.9   066.7   13:01    60.7   03:42     02.0     00.0   01.20   002     013    23:31     ENE
18    69.7   086.2   15:21    57.3   00:00     00.0     04.8   00.02   002     018    13:21     WSW
19    57.8   069.7   14:21    46.2   00:00     07.1     00.0   00.00   002     013    09:51      NE
31    68.0   068.1   23:51    68.0   00:00     00.0     03.1   00.00   001     006    00:00     SSW
--------------------------------------------------------------------------------------------------------
64.1 (61.8)   86.2  day 18    -00.0  day 20   043.1    026.1   02.82   01.8     069   day 07      SW
Max >=  86: 1
Min  0.8in)