NOAA Climate Reports


Report for 2010 September

Daily noaa report



                            MONTHLY CLIMATOLOGICAL SUMMARY for SEP. 2010

NAME: Sunset Beach   CITY: Sunset Beach (Mainland) STATE: North Carolina
ELEV: 52 LAT: 033:54:59 LONG: 0078:29:50

                            TEMPERATURE ( °F), RAIN (in.), WIND SPEED (mph)

                                               HEAT     COOL           AVG
      MEAN                                     DEG      DEG            WIND                       DOM
DAY   TEMP    HIGH   TIME     LOW    TIME      DAYS     DAYS    RAIN   SPEED    HIGH    TIME      DIR
----------------------------------------------------------------------------------------------------------------------------------------------------------
01    77.5    90.4   13:44    66.8   07:05     00.0     12.5   00.00   01.8     20.0    16:04     ENE
02    74.3    84.6   14:44    64.6   02:52     00.0     09.4   00.00   01.3     14.0    15:51     NNE
03    80.9    93.1   13:53    69.2   07:09     00.0     16.0   00.00   04.0     16.0    18:48     WSW
04    79.3    88.8   13:32    69.5   00:00     00.0     14.4   00.00   01.2     12.0    15:00     WSW
05    76.3    87.5   14:50    61.5   07:10     00.0     11.3   00.00   01.0     13.0    17:31     ENE
06    76.8    87.6   13:04    68.3   06:40     00.0     11.9   00.00   02.0     20.0    16:38      E 
07    78.2    88.4   12:09    68.8   07:08     00.0     13.3   00.00   00.8     13.0    15:16      E 
08    80.5    88.7   15:53    69.3   06:28     00.0     15.6   00.00   03.0     17.0    16:37      SW
09    78.7    89.2   13:29    69.4   00:00     00.0     13.8   00.00   00.9     11.0    14:31     WSW
10    79.4    88.4   14:14    69.3   12:00     00.0     14.4   00.00   00.5     10.0    15:31     ESE
11    77.3    84.5   13:51    69.0   02:16     00.0     12.3   02.24   01.2     17.0    13:00     ESE
12    77.6    87.8   15:56    69.7   00:00     00.0     12.7   01.50   00.4     16.0    00:39     WNW
13    71.6    84.8   16:02    61.7   00:00     00.0     06.7   00.00   00.8     13.0    15:02     NNE
14    76.7    89.0   14:33    59.8   04:21     00.0     11.8   00.01   01.3     12.0    17:48     WSW
15    76.5    90.5   13:39    66.3   07:24     00.0     11.5   00.00   00.5     13.0    16:32     SSE
16    75.0    85.8   13:31    63.4   07:01     00.0     10.1   00.00   01.2     13.0    17:27     SSW
17    79.0    86.7   14:23    67.6   07:09     00.0     14.0   00.00   01.8     13.0    17:13     WSW
18    78.0    86.5   13:26    68.4   00:00     00.0     13.0   00.00   00.7     09.0    17:26     ENE
19    73.4    87.4   14:49    64.5   07:33     00.0     08.5   00.01   00.7     11.0    12:04     ENE
20    75.4    86.8   13:45    62.3   07:20     00.0     10.4   00.00   00.4     13.0    15:12      SE
21    77.0    85.2   14:10    67.7   03:31     00.0     12.0   00.00   01.2     16.0    10:20      E 
22    77.4    86.5   12:31    66.7   07:24     00.0     12.5   00.00   00.4     11.0    14:14      S 
23    79.3    88.7   13:44    66.8   07:21     00.0     14.4   00.00   00.5     10.0    17:01      SW
24    75.0    85.3   14:11    66.0   06:18     00.0     10.0   00.00   00.3     13.0    16:21      SW
25    77.4    88.6   13:16    67.9   05:06     00.0     12.4   00.00   01.8     17.0    22:32      SW
26    77.4    86.5   12:17    72.1   23:40     00.0     12.5   01.10   01.0     17.0    20:09      SW
27    72.5    79.7   02:04    68.3   18:29     00.0     07.5   04.75   01.0     16.0    01:51     WSW
28    72.8    77.6   13:39    67.9   00:00     00.0     07.9   00.00   00.8     21.0    02:29      SW
29    69.4    73.8   11:51    67.0   03:45     00.0     04.4   01.58   01.9     13.0    23:09      NE
30    72.6    77.1   04:12    68.8   23:48     00.0     07.6   01.43   04.6     32.0    03:18     SSW
----------------------------------------------------------------------------------------------------------------------------------------------------------
76.4 (76.6)   93.1  day 03     59.8  day 14   000.0    344.8   13.79   01.3     32.0   day 30     SSW
Max >=  86: 20
Min  .008in) 59 (> .08in) 59 (> 0.8in)