NOAA Climate Reports


Report for 2010 April
MONTHLY CLIMATOLOGICAL SUMMARY for APR. 2010

NAME: Sunset Beach   CITY: Sunset Beach (Mainland) STATE: North Carolina
ELEV: 52 LAT: 033:54:59 LONG: 0078:29:50

                            TEMPERATURE ( °F), RAIN (in.), WIND SPEED (mph)

                                                 HEAT     COOL           AVG
      MEAN                                       DEG      DEG            WIND                        DOM
DAY   TEMP    HIGH   TIME      LOW     TIME      DAYS     DAYS   RAIN    SPEED    HIGH    TIME       DIR
----------------------------------------------------------------------------------------------------------------------------------------------------------
01    62.4    81.8   13:10    43.2   07:20     02.5     00.0   00.00   00.5     10.3    17:00      SW
02    63.8    77.3   14:10    49.1   07:30     01.1     00.0   00.00   00.3     09.2    16:20     WSW
03    65.2    74.7   13:50    49.7   07:10     00.0     00.2   00.01   00.4     09.2    14:50     SSW
04    65.2    75.3   14:20    52.8   07:00     00.0     00.2   00.04   01.5     13.8    18:30     WSW
05    67.3    75.9   13:50    58.7   07:20     00.0     02.4   00.01   02.1     16.1    18:50     WSW
06    65.8    73.0   13:10    59.0   06:50     00.0     00.9   00.00   03.5     20.7    18:20     WSW
07    65.9    71.8   13:00    61.6   07:20     00.0     01.0   00.00   04.3     19.6    17:50     WSW
08    66.2    76.4   13:30    58.7   05:20     00.0     01.3   00.00   03.0     20.7    16:10     WSW
09    62.9    69.1   17:10    47.3   00:00     02.0     00.0   00.13   02.7     20.7    02:50      W 
10    54.9    68.8   12:50    42.7   04:40     10.0     00.0   00.00   00.7     12.7    14:40      E 
11    55.7    71.8   12:30    39.3   07:30     09.2     00.0   00.00   00.7     12.7    17:50      SE
12    59.6    73.3   13:10    45.9   07:20     05.3     00.0   00.00   00.5     12.7    15:50     SSE
13    60.6    74.9   13:40    45.8   07:00     04.4     00.0   00.00   00.7     11.5    15:40      SE
14    57.1    63.1   17:00    49.8   04:20     07.9     00.0   00.00   00.8     11.5    09:40      NE
15    56.6    69.9   14:00    40.2   07:10     08.4     00.0   00.00   00.8     12.7    00:12      E 
16    63.2    75.7   12:30    47.6   02:50     01.8     00.0   00.00   03.1     18.4    18:20     WSW
17    68.9    79.3   14:30    63.4   07:30     00.0     04.0   00.00   04.0     19.6    18:20     WSW
18    60.1    68.4   14:00    48.2   00:00     04.8     00.0   00.01   01.4     13.8    09:00     ENE
19    55.0    67.3   12:40    42.2   07:00     10.0     00.0   00.00   00.5     10.3    14:10     SSW
20    58.1    69.4   16:00    42.5   07:20     06.9     00.0   00.00   00.7     12.7    13:10     SSW
21    63.2    71.4   17:50    54.7   00:00     01.8     00.0   00.47   01.0     11.5    18:30     WSW
22    63.8    76.5   14:40    48.3   04:50     01.1     00.0   00.00   01.4     14.9    16:10      W 
23    67.8    81.2   14:20    50.3   06:49     00.0     02.8   00.00   01.9     16.1    18:50     WSW
24    67.0    75.8   13:30    56.7   07:00     00.0     02.1   00.00   00.5     11.5    14:20     WSW
25    69.1    74.9   15:40    65.8   01:53     00.0     04.2   00.55   05.1     35.5    01:03     WSW
26    72.0    80.7   15:20    66.2   00:00     00.0     07.1   00.00   04.8     21.9    16:30      W 
27    63.7    73.5   15:50    53.2   00:00     01.2     00.0   00.11   04.2     25.3    14:50      W 
28    57.5    71.2   00:12    44.8   00:00     07.4     00.0   00.00   01.7     18.4    14:40      W 
29    58.9    72.2   12:00    39.9   05:30     06.1     00.0   00.00   01.2     13.8    18:40     WSW
30    68.1    68.1   23:54    68.1   23:54     00.0     03.2   00.00   02.3     08.1    23:54     WSW
----------------------------------------------------------------------------------------------------------------------------------------------------------
66.3 (62.3)   81.8  day 01     39.3  day 11   091.9    210.3   01.38   02.0     65.6   day 28     WSW
Min  .008in) 4 (> .08in) 0 (> 0.8in)