NOAA Climate Reports


Report for 2010 February
MONTHLY CLIMATOLOGICAL SUMMARY for FEB. 2010

NAME: Sunset Beach   CITY: Sunset Beach (Mainland) STATE: North Carolina
ELEV: 52 LAT: 033:54:59 LONG: 0078:29:50

                            TEMPERATURE ( °F), RAIN (in.), WIND SPEED (mph)

                                                 HEAT     COOL           AVG
      MEAN                                       DEG      DEG            WIND                        DOM
DAY   TEMP    HIGH   TIME      LOW     TIME      DAYS     DAYS   RAIN    SPEED    HIGH    TIME       DIR
----------------------------------------------------------------------------------------------------------------------------------------------------------
01    29.1    30.7   00:59    28.1   23:57     35.9     00.0   00.00   00.0     00.0    00:00      N 
02    34.9    47.5   15:38    24.0   06:47     30.1     00.0   01.10   01.5     17.3    14:50      W 
03    38.1    52.2   15:35    28.0   07:09     26.8     00.0   00.00   01.4     18.4    12:30      W 
04    42.0    58.0   15:40    28.5   07:30     22.9     00.0   00.00   01.0     12.7    12:40      W 
05    41.3    58.8   12:50    27.7   06:20     23.7     00.0   00.00   00.6     11.5    15:00     WSW
06    45.2    63.1   12:30    29.5   06:00     19.7     00.0   00.38   00.3     06.9    15:20     SSW
07    48.2    68.2   17:30    30.1   08:30     16.8     00.0   00.64   00.5     08.1    15:00     WSW
08    54.7    68.7   15:00    41.2   06:40     10.2     00.0   00.00   00.5     10.4    12:30      S 
09    56.8    58.8   13:30    53.0   09:00     08.1     00.0   00.03   00.7     11.5    22:00     SSE
10    43.7    58.2   00:30    35.0   00:00     21.3     00.0   00.77   08.1     32.2    12:00      NW
11    36.0    48.2   16:30    25.2   08:30     28.9     00.0   00.00   04.6     28.8    17:00      NW
12    41.5    61.3   17:00    21.0   08:00     23.5     00.0   00.00   01.3     25.3    14:00      NW
13    45.3    61.7   15:30    29.5   08:00     19.7     00.0   00.06   00.5     12.7    15:00     SSE
14    50.0    56.5   13:00    44.6   04:00     14.9     00.0   00.26   02.0     16.1    18:30      SE
15    52.6    65.1   17:00    45.9   08:30     12.3     00.0   00.00   00.6     10.4    16:30      SE
16    59.1    69.3   17:30    48.5   18:30     05.9     00.0   00.00   02.5     18.4    00:00     WNW
17    44.4    53.6   15:30    32.5   08:00     20.5     00.0   00.00   03.4     26.5    16:00      NW
18    41.0    71.0   00:32    30.3   00:00     23.9     00.0   00.00   04.5     31.1    15:00      NW
19    41.0    57.7   15:00    23.3   08:00     24.0     00.0   00.00   00.6     11.5    16:00     NNE
20    45.2    51.5   16:00    41.1   02:00     19.7     00.0   00.22   00.2     10.4    16:00     ESE
21    50.5    57.2   18:00    44.6   06:00     14.4     00.0   00.23   01.2     18.4    16:00      S 
22    53.8    62.7   09:50    42.4   00:10     11.1     00.0   00.58   00.5     12.7    10:00      S 
23    52.1    63.0   14:35    44.4   05:08     12.8     00.0   00.01   00.6     11.5    16:09      NW
24    49.8    58.7   10:57    43.8   00:00     15.1     00.0   00.17   00.5     13.8    11:09     SSW
25    39.0    44.2   14:29    32.4   00:00     26.0     00.0   00.00   03.1     26.5    16:24      W 
26    39.8    51.1   14:43    29.3   06:39     25.1     00.0   00.00   04.7     23.0    14:18      W 
27    40.3    50.6   13:39    30.3   06:55     24.7     00.0   00.00   01.7     13.8    14:57     WSW
28    40.7    54.2   16:25    29.9   04:50     24.2     00.0   00.00   01.6     19.6    13:25     WNW
----------------------------------------------------------------------------------------------------------------------------------------------------------
42.0 (42.8)   63.1  day 06     24.0  day 02   298.2    000.0   04.45   01.3     26.5   day 25      W 
Max  .08in) 0 (> 0.8in)