NOAA Climate Reports


Report for 2008 July
MONTHLY CLIMATOLOGICAL SUMMARY for JUL. 2008

NAME: Sunset Beach   CITY: Sunset Beach STATE: North Carolina
ELEV: 52 Feet LAT: 033:54:59 LONG: 0078:29:50

                            TEMPERATURE ( °F), RAIN (in.), WIND SPEED (mph)

                                                 HEAT     COOL           AVG
      MEAN                                       DEG      DEG            WIND                        DOM
DAY   TEMP    HIGH   TIME      LOW     TIME      DAYS     DAYS   RAIN    SPEED    HIGH    TIME       DIR
----------------------------------------------------------------------------------------------------------------------------------------------------------
01    74.7    85.9   15:59    63.5   02:00     00.0     12.6   00.00   00.7     12.7    15:59     SSW
02    76.2    88.8   14:59    63.5   06:59     00.0     14.7   00.00   00.9     12.7    14:59     SSW
03    76.4    87.2   13:59    65.5   07:29     00.0     14.5   00.00   01.1     12.7    18:29     SSW
04    75.9    88.2   13:59    63.5   15:59     00.0     16.6   00.00   02.3     16.1    20:59     SSW
05    76.0    88.5   14:59    63.5   20:29     00.0     16.2   00.00   01.8     12.7    18:59     SSW
06    79.5    87.9   14:29    71.0   00:00     00.0     16.1   00.61   02.0     16.1    18:59     SSW
07    74.2    84.9   12:59    63.5   13:29     00.0     12.0   00.06   00.8     11.5    16:29     SSW
08    75.5    87.5   14:29    63.4   17:29     00.0     15.7   00.07   01.7     13.8    17:12     SSW
09    74.3    85.1   15:29    63.5   10:59     00.0     15.1   00.22   02.2     18.4    18:29     SSW
10    80.1    88.8   13:29    71.3   01:29     00.0     12.9   00.20   01.1     11.5    17:59      SW
11    75.0    86.4   12:29    63.5   01:59     00.0     12.6   01.22   00.3     11.5    17:59     ESE
12    79.5    89.2   15:29    69.8   00:00     00.0     14.0   00.00   01.2     11.5    18:29     SSE
13    75.3    87.2   13:59    63.4   11:59     00.0     12.1   00.00   00.9     11.5    15:29      S 
14    79.0    87.6   14:29    70.4   07:29     00.0     14.5   00.00   00.7     11.5    15:59      E 
15    79.0    86.9   13:29    71.0   05:29     00.0     11.8   00.19   00.5     10.4    14:29      E 
16    80.1    90.1   17:59    70.0   07:29     00.0     14.5   00.00   01.1     13.8    12:59      E 
17    79.3    88.3   16:29    70.3   07:29     00.0     15.0   00.00   01.6     15.0    16:59     ESE
18    74.3    85.2   12:59    63.4   05:29     00.0     13.4   00.27   01.7     15.0    15:59     ENE
19    76.3    80.3   18:29    72.2   06:29     00.0     10.3   00.66   01.2     12.7    15:59     WSW
20    78.7    94.0   17:29    63.4   12:29     00.0     17.0   00.00   01.3     15.0    18:29      SW
21    80.5    97.5   14:59    63.4   22:29     00.0     20.6   00.00   00.8     11.5    19:29     SSW
22    78.2    92.9   12:59    63.4   15:59     00.0     18.4   00.00   00.6     11.5    16:29     SSW
23    75.4    87.4   14:29    63.4   08:29     00.0     16.9   00.02   01.9     19.6    17:59     SSW
24    74.6    85.8   16:59    63.4   01:29     00.0     12.2   00.66   00.6     11.5    00:29      E 
25    75.7    88.0   15:29    63.4   22:59     00.0     12.8   00.00   00.2     04.6    14:29     SSE
26    78.8    88.3   12:59    69.2   04:59     00.0     13.7   00.00   00.4     11.5    13:59      S 
27    74.6    85.7   16:29    63.4   02:29     00.0     15.3   00.15   02.0     17.3    16:59     SSW
28    77.9    92.4   16:59    63.4   14:59     00.0     18.1   00.00   01.2     11.5    19:59     SSW
29    82.8    87.9   11:59    77.6   07:29     00.0     17.1   00.00   01.6     16.1    18:29     SSW
30    76.9    90.4   13:59    63.4   06:29     00.0     17.7   00.00   01.6     19.6    17:29     SSW
31    82.7    92.3   12:29    73.0   21:29     00.0     18.1   00.37   01.7     19.6    20:29      N 
----------------------------------------------------------------------------------------------------------------------------------------------------------
79.9 (77.3)   97.5  day 21     63.4  day 30   000.0    462.4   04.89   01.2     19.6   day 23      S 
Max >=  86: 24
Min  .008in) 10 (> .08in) 1 (> 0.8in)