NOAA Climate Reports


Report for 2008 June
MONTHLY CLIMATOLOGICAL SUMMARY for JUN. 2008

NAME: Sunset Beach   CITY: Sunset Beach STATE: North Carolina
ELEV: 52 Feet LAT: 033:54:59 LONG: 0078:29:50

                            TEMPERATURE ( °F), RAIN (in.), WIND SPEED (mph)

                                                 HEAT     COOL           AVG
      MEAN                                       DEG      DEG            WIND                        DOM
DAY   TEMP    HIGH   TIME      LOW     TIME      DAYS     DAYS   RAIN    SPEED    HIGH    TIME       DIR
----------------------------------------------------------------------------------------------------------------------------------------------------------
01    76.2    88.8   12:59    63.6   07:29     00.0     14.8   00.00   02.5     16.1    16:59      SE
02    76.9    86.6   14:29    67.1   06:59     00.0     10.7   00.01   01.0     11.5    16:29     SSW
03    72.6    83.0   14:29    62.2   06:59     00.0     09.8   00.00   01.9     15.0    14:59      SW
04    79.8    84.7   15:59    74.9   03:59     00.0     14.1   00.00   02.2     16.1    00:00      SW
05    81.8    87.3   14:29    76.2   07:29     00.0     16.0   00.00   02.3     17.3    17:59      SW
06    75.4    87.1   13:59    63.6   07:59     00.0     15.6   00.00   01.7     11.5    20:29      SW
07    77.9    92.1   13:59    63.6   11:59     00.0     16.2   00.00   01.1     10.4    16:29      SW
08    81.1    92.6   12:29    69.5   06:29     00.0     16.6   00.00   01.3     11.5    18:59      SW
09    81.4    89.4   11:59    73.3   04:59     00.0     17.1   00.00   01.6     15.0    19:59     SSW
10    79.7    87.3   14:29    72.0   04:59     00.0     15.6   00.00   01.7     12.7    14:59     SSE
11    75.3    86.9   15:29    63.6   00:59     00.0     15.6   00.00   01.2     11.5    19:29     ESE
12    78.4    86.7   14:59    70.2   03:59     00.0     14.0   00.00   01.4     12.7    18:29     SSE
13    74.9    86.1   13:59    63.6   04:29     00.0     12.8   00.00   01.6     18.4    16:29     SSW
14    75.0    85.7   15:29    64.3   06:59     00.0     12.5   00.00   01.3     15.0    16:29      SW
15    76.1    82.6   11:29    69.7   00:00     00.0     10.9   01.05   00.6     19.6    13:29      SW
16    76.3    84.3   14:59    68.2   03:59     00.0     11.7   00.00   01.3     12.7    23:59     ESE
17    77.1    90.6   12:29    63.6   15:29     00.0     15.9   00.05   00.6     11.5    10:29     SSE
18    74.8    86.1   16:59    63.5   00:00     00.0     10.6   00.00   01.4     12.7    11:29     SSE
19    71.0    84.9   14:29    57.0   06:59     00.0     07.3   00.00   00.4     12.7    15:29      SE
20    74.0    85.1   13:29    62.9   02:59     00.0     06.8   00.50   00.2     11.5    16:59     SSW
21    73.2    79.9   14:59    66.4   11:29     00.0     09.8   00.42   00.4     11.5    23:59      SW
22    77.2    83.8   13:59    70.6   19:29     00.0     12.2   00.21   00.2     10.4    02:29     WNW
23    73.8    84.1   16:29    63.5   23:59     00.0     10.2   00.75   00.2     18.4    19:29      N 
24    76.2    87.4   14:29    64.9   06:59     00.0     12.1   00.00   00.0     05.8    00:29     SSW
25    75.0    86.5   15:26    63.5   15:29     00.0     13.7   00.00   00.0     02.3    15:29     SSW
26    81.5    86.5   14:59    76.5   06:59     00.0     16.7   00.00   00.0     00.0    00:00     SSW
27    80.6    87.6   13:59    73.5   06:59     00.0     16.4   00.00   00.0     00.0    00:00     SSW
28    76.9    90.2   13:29    63.5   17:29     00.0     17.9   00.00   00.0     03.5    17:29     SSW
29    79.3    86.8   12:29    71.7   03:59     00.0     15.1   00.03   00.0     00.0    00:00      SW
30    81.1    87.3   13:29    74.8   07:29     00.0     15.4   00.00   01.0     17.3    20:59      N 
----------------------------------------------------------------------------------------------------------------------------------------------------------
78.4 (77.0)   92.6  day 08     57.0  day 19   000.0    404.2   03.02   01.0     19.6   day 13     SSW
Max >=  86: 20
Min  .008in) 5 (> .08in) 1 (> 0.8in)