NOAA Climate Reports


Report for 2008 January
MONTHLY CLIMATOLOGICAL SUMMARY for JAN. 2008


NAME: Sunset Beach   CITY: Sunset Beach STATE: North Carolina
ELEV: 52 Feet LAT: 033:54:59 LONG: 0078:29:50

                            TEMPERATURE ( °F), RAIN (in.), WIND SPEED (mph)

                                                 HEAT     COOL           AVG
      MEAN                                       DEG      DEG            WIND                        DOM
DAY   TEMP    HIGH   TIME      LOW     TIME      DAYS     DAYS   RAIN    SPEED    HIGH    TIME       DIR
----------------------------------------------------------------------------------------------------------------------------------------------------------
01    50.9    64.0   11:29    37.7   00:00     14.5     00.0   00.00   01.3     20.7    13:59      N 
02    33.4    37.7   00:29    29.1   04:29     31.7     00.0   00.00   01.5     18.4    14:59      SW
03    28.5    38.6   15:29    18.3   00:00     36.3     00.0   00.00   01.3     16.1    09:59      SE
04    29.8    45.2   14:29    14.4   07:29     34.7     00.0   00.00   00.3     06.9    14:59     SSE
05    37.8    55.9   13:59    19.6   06:59     23.8     00.0   00.09   00.4     10.4    14:59     SSW
06    52.9    66.0   12:59    39.7   04:59     13.7     00.0   00.00   00.5     11.5    14:29      S 
07    55.2    70.3   13:29    40.1   07:59     11.5     00.0   00.00   00.4     09.2    15:29      SW
08    59.8    72.4   14:59    47.1   00:29     05.5     00.0   00.00   00.5     11.5    13:59      S 
09    61.0    71.6   15:29    50.4   01:29     04.2     00.0   00.00   00.7     11.5    15:59      SW
10    62.3    69.0   14:59    55.5   07:29     02.9     00.0   00.24   00.4     10.4    00:00      NE
11    62.9    66.7   14:59    59.0   19:59     02.1     00.0   00.92   01.9     16.1    16:59     NNE
12    57.4    62.3   14:59    52.5   00:00     06.3     00.0   00.21   00.3     09.2    22:29     WSW
13    51.0    57.2   16:29    44.7   00:00     13.0     00.0   00.00   00.5     10.4    04:29     WSW
14    45.5    55.2   15:59    35.7   07:59     20.5     00.0   00.00   01.1     17.3    14:29      E 
15    38.8    51.3   14:59    26.3   07:59     27.9     00.0   00.00   00.8     16.1    14:59      N 
16    34.2    45.1   14:59    23.2   07:59     29.6     00.0   00.08   00.3     09.2    11:59      SE
17    45.3    54.4   15:59    36.1   00:29     21.2     00.0   01.25   01.6     16.1    06:29     NNE
18    41.8    47.3   16:29    36.3   23:59     24.1     00.0   00.00   00.2     06.9    06:59      N 
19    38.9    44.4   13:59    33.4   02:59     25.0     00.0   01.03   00.8     11.5    22:29     ENE
20    33.3    40.9   14:29    25.6   00:00     30.6     00.0   00.01   01.1     15.0    14:29      SW
21    42.3    63.9   09:59    20.6   07:59     32.1     00.0   00.00   01.4     11.5    14:29     SSE
22    48.6    65.1   14:29    32.0   07:29     19.1     00.0   00.00   00.6     09.2    16:59     NNW
23    52.6    63.9   01:59    41.2   23:29     15.9     00.0   00.03   00.6     10.4    15:29      N 
24    47.7    57.6   12:59    37.8   20:29     18.4     00.0   00.00   00.9     17.3    14:59     WSW
25    34.7    42.8   15:59    26.6   21:59     31.6     00.0   00.00   01.0     12.7    11:59      N 
26    37.9    45.3   17:29    30.5   00:29     26.8     00.0   00.13   00.0     06.9    11:29      SW
27    42.6    56.0   15:29    29.1   00:00     24.2     00.0   00.00   00.7     11.5    13:29      SW
28    40.7    53.0   14:59    28.3   07:59     26.7     00.0   00.01   00.6     11.5    10:59      N 
29    47.0    60.7   14:59    33.3   00:29     14.8     00.0   00.00   02.1     18.4    14:59      E 
30    53.3    66.8   12:59    39.7   21:29     09.5     00.0   00.07   01.8     20.7    07:29      NW
31    49.8    49.8   23:54    49.8   23:54     15.1     00.0   00.00   02.3     11.5    23:54      N 
----------------------------------------------------------------------------------------------------------------------------------------------------------
48.1 (45.7)   72.4  day 08     14.4  day 04   1430.9    000.0   04.47   01.8     20.7   day 30     ENE
Min  .08in) 6 (> 0.8in)