NOAA Climate Reports


Report for 2003 October
 MONTHLY CLIMATOLOGICAL SUMMARY for OCT. 2003

NAME: Sunset Beach   CITY: Sunset Beach (Mainland) STATE: North Carolina
ELEV: 52 LAT: 033:54:59 LONG: 0078:29:50

                            TEMPERATURE ( °F), RAIN (in.), WIND SPEED (mph)

                                                 HEAT     COOL           AVG
      MEAN                                       DEG      DEG            WIND                        DOM
DAY   TEMP    HIGH   TIME      LOW     TIME      DAYS     DAYS   RAIN    SPEED    HIGH    TIME       DIR
----------------------------------------------------------------------------------------------------------------------------------------------------------
01    58.1    74.8   18:00    44.4   06:30     06.8     00.0   00.00   00.9     11.5    21:00      N 
02    57.2    70.2   17:00    45.0   00:00     07.7     00.0   00.00   02.8     19.6    15:30      N 
03    50.2    68.5   16:30    35.0   08:00     14.7     00.0   00.00   01.1     11.5    15:00     ENE
04    58.8    77.2   16:30    40.1   08:00     06.2     00.0   00.00   01.2     12.7    13:00      NW
05    62.9    79.4   17:30    47.7   08:30     02.1     00.0   00.00   01.1     13.8    13:00     NNE
06    63.6    74.9   00:33    55.9   05:30     01.3     00.0   00.01   00.5     22.5    00:33      NE
07    66.2    77.5   17:30    59.7   05:30     00.0     01.2   00.00   00.9     10.3    16:00     SSE
08    64.0    65.2   17:00    61.5   00:30     01.0     00.0   00.42   01.1     08.1    23:00     NNE
09    67.2    77.2   16:00    63.2   09:00     00.0     02.3   00.04   01.0     11.5    16:30     ESE
10    65.2    70.8   13:30    62.0   22:30     00.0     00.2   00.07   02.6     18.4    12:30     NNE
11    64.5    69.4   18:00    60.6   07:30     00.5     00.0   00.31   01.6     11.5    15:30     NNE
12    67.1    82.5   17:30    56.2   09:00     00.0     02.2   00.01   00.6     10.3    15:00      N 
13    67.4    82.7   14:00    53.9   08:30     00.0     02.5   00.00   00.6     08.1    14:00      S 
14    66.1    69.1   18:00    60.2   00:00     00.0     01.2   00.17   03.0     32.2    22:00     SSE
15    60.2    69.2   17:00    47.3   00:00     04.8     00.0   00.00   04.0     23.0    13:00     NNW
16    54.9    76.3   17:30    37.4   08:30     10.1     00.0   00.00   00.3     11.5    14:00     WSW
17    57.2    74.8   15:30    40.5   08:30     07.8     00.0   00.00   00.7     13.8    15:30      N 
18    56.5    65.5   15:00    41.0   15:03     08.4     00.0   00.00   01.8     16.1    12:30      E 
19    60.4    82.3   17:30    43.7   07:30     04.6     00.0   00.00   00.4     09.2    14:30     WSW
20    66.4    81.0   17:30    51.9   02:30     00.0     01.5   00.00   01.7     14.9    17:00     WSW
21    63.5    71.7   16:00    50.1   00:00     01.4     00.0   00.00   04.5     27.6    16:30     NNW
22    51.0    64.4   17:30    36.1   08:30     14.0     00.0   00.00   01.1     12.7    13:00     NNW
23    51.8    70.0   17:30    39.4   08:30     13.1     00.0   00.00   01.0     11.5    14:00     SSE
24    56.0    71.6   17:00    35.1   16:00     08.9     00.0   00.00   00.9     08.1    17:00     NNE
25    59.7    77.3   00:32    49.8   04:30     05.2     00.0   00.05   00.3     12.7    00:32     ESE
26    64.2    70.6   16:00    58.2   00:00     00.7     00.0   00.04   01.3     11.5    21:30      SE
27    53.0    57.5   00:30    49.5   00:00     11.9     00.0   00.60   01.5     10.3    23:30     NNE
28    54.1    68.8   16:00    43.7   00:00     10.9     00.0   00.11   01.5     12.7    16:00     NNW
29    56.9    83.3   16:00    38.7   07:30     08.1     00.0   00.00   00.4     11.5    15:00     SSE
30    49.5    49.5   00:25    49.5   00:25     15.4     00.0   00.00   00.0     00.0    00:25     SSE
----------------------------------------------------------------------------------------------------------------------------------------------------------
59.8 (60.5)   83.3  day 29     35.0  day 03   171.2    011.1   01.83   01.3     22.6   day 06     N
Min  .008in) 5 (> .08in) 0 (> 0.8in)