NOAA Climate Reports


Report for 2000 November

Daily noaa report



                            MONTHLY CLIMATOLOGICAL SUMMARY for DEC. 2010

NAME: Sunset Beach   CITY: Sunset Beach (Mainland) STATE: North Carolina
ELEV: 52 LAT: 033:54:59 LONG: 0078:29:50

                            TEMPERATURE ( °F), RAIN (in.), WIND SPEED (mph)

                                               HEAT     COOL           AVG
      MEAN                                     DEG      DEG            WIND                       DOM
DAY   TEMP    HIGH   TIME     LOW    TIME      DAYS     DAYS    RAIN   SPEED    HIGH    TIME      DIR
----------------------------------------------------------------------------------------------------------------------------------------------------------
01    53.2   066.3   01:30    39.6   00:00     11.8     00.0   00.01   03.9     24.1    14:20      W 
02    37.7   070.9   00:12    28.1   07:10     27.3     00.0   00.00   00.4     42.5    00:12     WNW
03    37.1   052.3   14:20    28.1   07:30     27.9     00.0   00.01   00.5     11.5    13:10      NW
04    40.3   048.6   14:10    30.7   02:40     24.6     00.0   00.05   00.2     11.5    09:20      NE
05    39.2   046.4   14:30    32.9   20:10     25.7     00.0   00.00   01.1     19.6    10:40     NNW
06    33.0   043.6   15:10    24.7   23:50     31.9     00.0   00.00   01.1     18.4    12:30      W 
07    27.8   037.2   15:30    21.4   07:30     37.1     00.0   00.00   01.1     19.6    12:50      W 
08    31.0   040.2   14:20    17.1   06:49     33.9     00.0   00.00   00.5     10.3    14:30     WNW
09    33.0   045.4   14:30    26.1   21:20     31.9     00.0   00.00   00.8     12.7    12:20      NE
10    38.8   055.2   15:10    28.1   06:00     26.1     00.0   00.00   00.6     11.5    11:00      NE
11    43.4   047.1   16:00    38.8   00:20     21.5     00.0   00.85   00.7     11.5    16:30      NE
12    48.2   055.3   13:00    32.0   00:00     16.7     00.0   00.28   04.2     27.6    18:30     WSW
13    31.6   038.3   13:50    27.1   07:40     33.4     00.0   00.00   04.8     24.1    00:30      W 
14    27.9   036.2   14:30    22.1   07:50     37.0     00.0   00.00   02.5     21.9    11:00      W 
15    27.3   039.8   15:10    19.5   04:20     37.6     00.0   00.00   00.5     11.5    14:40     WNW
16    45.9   055.2   13:20    29.5   00:10     19.0     00.0   00.01   04.2     23.0    18:00     WSW
17    48.3   054.0   15:30    40.4   22:40     16.6     00.0   00.00   00.5     09.2    00:10     ENE
18    38.4   040.9   03:50    35.0   09:00     26.5     00.0   00.63   02.0     13.8    17:50      NE
19    38.0   043.4   15:40    30.3   00:00     27.0     00.0   00.00   01.2     14.9    12:50     NNE
20    31.7   043.3   15:00    25.0   08:10     33.3     00.0   00.00   00.5     11.5    15:10     WNW
----------------------------------------------------------------------------------------------------------------------------------------------------------
37.6 (38.4)   70.9  day 02     17.1  day 08   546.7    000.0   01.84   01.6     42.6   day 02     WNW
Min  .08in) 1 (> 0.8in)