NOAA Reports


Report for 2018 11






                            MONTHLY CLIMATOLOGICAL SUMMARY for NOV. 2018

NAME: THE FARM   CITY: Calabash STATE: North Carolina
ELEV: 44 Feet LAT: 033:55:28.7554 LONG: -0078:34:10.7426

                            TEMPERATURE ( F), RAIN (in.), WIND SPEED (mph)

                                               HEAT     COOL           AVG
      MEAN                                     DEG      DEG            WIND                      DOM
DAY   TEMP    HIGH   TIME     LOW    TIME      DAYS     DAYS    RAIN   SPEED   HIGH    TIME      DIR
--------------------------------------------------------------------------------------------------------
01    69.1   081.4   13:39    59.2   07:44     00.0     04.1   00.21   003     016    15:17      S 
02    72.4   076.6   13:07    66.1   00:00     00.0     07.4   00.53   004     018    19:12      S 
03    56.2   066.1   00:01    44.2   00:00     08.8     00.0   00.20   002     016    12:05     NNW
04    60.1   075.4   13:54    44.0   00:36     04.8     00.0   00.11   004     013    16:32      NE
05    68.9   075.3   12:21    62.5   02:35     00.0     03.9   00.18   001     014    12:53      S 
06    72.4   080.0   11:56    65.5   00:04     00.0     07.5   00.35   002     018    11:15      S 
07    68.1   075.4   13:59    64.1   21:32     00.0     03.1   00.32   002     013    13:59     ENE
08    62.9   066.6   12:23    59.5   00:00     02.1     00.0   00.66   003     013    23:49     NNE
09    63.6   071.8   11:43    56.5   07:25     01.3     00.0   00.00   002     013    00:44      NE
10    56.2   066.5   02:49    41.7   00:00     08.8     00.0   00.12   003     018    06:39      N 
11    46.9   055.4   14:17    38.8   04:54     18.1     00.0   00.00   003     015    13:24     NNE
12    57.1   070.7   21:42    47.6   04:45     07.8     00.0   00.44   004     015    21:04      NE
13    65.5   070.8   01:44    56.5   00:00     00.0     00.5   00.90   001     013    01:05     NNW
14    51.8   056.5   00:08    45.9   00:00     13.1     00.0   00.00   007     023    21:45     NNE
15    49.5   061.0   11:00    43.8   23:20     15.5     00.0   00.35   005     023    05:43      N 
16    47.2   057.7   14:09    38.4   23:59     17.7     00.0   00.00   002     014    11:25      NW
17    47.0   062.9   14:32    35.9   06:01     17.9     00.0   00.00   001     013    10:38     NNE
--------------------------------------------------------------------------------------------------------
59.7 (60.0)   81.4  day 01     35.9  day 17   115.9    026.6   04.37   02.8     023   day 15     NNE
Min <=  86: 17
Max Rain: 0.90 ON 13-11-18
Days of Rain: 12 (> .008in) 12 (> .08in) 1 (> 0.8in)